{"id":2,"date":"2012-10-11T12:41:35","date_gmt":"2012-10-11T12:41:35","guid":{"rendered":""},"modified":"2025-08-15T20:01:51","modified_gmt":"2025-08-15T19:01:51","slug":"about","status":"publish","type":"page","link":"https:\/\/www.alpertunc.de\/blog\/about\/","title":{"rendered":"About"},"content":{"rendered":"<p><img loading=\"lazy\" decoding=\"async\" class=\"aligncenter size-full wp-image-3159\" src=\"https:\/\/www.alpertunc.de\/blog\/wp-content\/uploads\/2019\/02\/australien-481_crop.jpg\" alt=\"\" width=\"1479\" height=\"493\" srcset=\"https:\/\/www.alpertunc.de\/blog\/wp-content\/uploads\/2019\/02\/australien-481_crop.jpg 1479w, https:\/\/www.alpertunc.de\/blog\/wp-content\/uploads\/2019\/02\/australien-481_crop-300x100.jpg 300w, https:\/\/www.alpertunc.de\/blog\/wp-content\/uploads\/2019\/02\/australien-481_crop-768x256.jpg 768w, https:\/\/www.alpertunc.de\/blog\/wp-content\/uploads\/2019\/02\/australien-481_crop-1024x341.jpg 1024w\" sizes=\"auto, (max-width: 1479px) 100vw, 1479px\" \/><\/p>\n<p>Ahoi &amp; Servus aus Wien!<\/p>\n<p>Ich bin Alper und seit \u00fcber einem Jahrzehnt bin ich als Hochzeitsvideograf unterwegs.<\/p>\n<p>In dieser Zeit durfte ich die Geschichten von knapp 150 Paaren aus aller Welt erz\u00e4hlen. Mein Fokus liegt darauf, eure Liebe in einf\u00fchlsamen Hochzeitsfilmen festzuhalten, die euch und eure Emotionen authentisch widerspiegeln.<\/p>\n<p>Eure Hochzeit ist ein einzigartiges Kapitel, das ich mit meinem Auge f\u00fcr Details und meiner langj\u00e4hrigen Erfahrung einfangen m\u00f6chte. Ich reise nicht nur durch verschiedene St\u00e4dte und L\u00e4nder, sondern durch eure Gef\u00fchle, um euren besonderen Tag in zeitlosen Erinnerungen zu verewigen.<\/p>\n<p>Als euer Hochzeitsvideograf bringe ich nicht nur eine Kamera mit, sondern auch eine Leidenschaft f\u00fcr die Magie dieser Momente. Euer Hochzeitsfilm wird nicht nur eure Zeremonie zeigen, sondern die Liebe, die Lacher und die Tr\u00e4nen, die euren Tag unvergesslich machen.<\/p>\n<p>Ihr wollt noch mehr \u00fcber mich wissen?<\/p>\n<p>Okay, here you go. 7 funfacts zu mir:<\/p>\n<ol>\n<li>Ich habe das geteilte Sorgerecht f\u00fcr zwei haarlose Sphynx-Katzen namens Miss Sunny Peaches und Princess Leia.<\/li>\n<li>Ich bin ein Sprachen-Nerd und spreche 4 Sprachen flie\u00dfend (Deutsch, T\u00fcrkisch, Englisch und Spanisch) und lerne gerade noch eine weitere (Ungarisch).<\/li>\n<li>Ich lebe seit etwa 10 Jahren vegan und bin immer auf der Suche nach neuen Rezepten.<\/li>\n<li>Ich bin ein aktives Mitglied der Wiener Magic the Gathering Community und habe sogar an einem kleinen Turnier teilgenommen, w\u00e4hrend ich durch Australien gereist bin.<\/li>\n<li>Ich bin ein absoluter Specialty Coffee Aficionado und trinke am liebsten Kaffees aus \u00c4thiopien und Kenia.<\/li>\n<li>Die Kunst ist seit \u00fcber 25 Jahren mein Wegbegleiter und neben viel abstrakter Malerei und Graffiti, erstelle ich gerade mein erstes Tattoo Design Portfolio.<\/li>\n<li>Die 7 ist meine Lieblingszahl.<\/li>\n<\/ol>\n<p>Wenn euch das, was ihr bisher gelesen habt, gef\u00e4llt, w\u00fcrde ich mich mega freuen, euch kennenzulernen! <a href=\"https:\/\/www.alpertunc.de\/contact\/\">Schreibt mir einfach eine Nachricht<\/a>, und ich werde mich asap bei euch melden.<\/p>\n<p>Vielen Dank und bis ganz bald!<\/p>\n<p>Alper<\/p>\n<p style=\"text-align: right;\">\n","protected":false},"excerpt":{"rendered":"<p>Ahoi &amp; Servus aus Wien! Ich bin Alper und seit \u00fcber einem Jahrzehnt bin ich als Hochzeitsvideograf unterwegs. In dieser [&hellip;]<\/p>\n","protected":false},"author":1,"featured_media":0,"parent":0,"menu_order":4,"comment_status":"closed","ping_status":"open","template":"","meta":{"_uag_custom_page_level_css":"","_monsterinsights_skip_tracking":false,"_monsterinsights_sitenote_active":false,"_monsterinsights_sitenote_note":"","_monsterinsights_sitenote_category":0,"site-sidebar-layout":"default","site-content-layout":"","ast-site-content-layout":"default","site-content-style":"default","site-sidebar-style":"default","ast-global-header-display":"","ast-banner-title-visibility":"","ast-main-header-display":"","ast-hfb-above-header-display":"","ast-hfb-below-header-display":"","ast-hfb-mobile-header-display":"","site-post-title":"","ast-breadcrumbs-content":"","ast-featured-img":"","footer-sml-layout":"","theme-transparent-header-meta":"","adv-header-id-meta":"","stick-header-meta":"","header-above-stick-meta":"","header-main-stick-meta":"","header-below-stick-meta":"","astra-migrate-meta-layouts":"default","ast-page-background-enabled":"default","ast-page-background-meta":{"desktop":{"background-color":"var(--ast-global-color-5)","background-image":"","background-repeat":"repeat","background-position":"center center","background-size":"auto","background-attachment":"scroll","background-type":"","background-media":"","overlay-type":"","overlay-color":"","overlay-opacity":"","overlay-gradient":""},"tablet":{"background-color":"","background-image":"","background-repeat":"repeat","background-position":"center center","background-size":"auto","background-attachment":"scroll","background-type":"","background-media":"","overlay-type":"","overlay-color":"","overlay-opacity":"","overlay-gradient":""},"mobile":{"background-color":"","background-image":"","background-repeat":"repeat","background-position":"center center","background-size":"auto","background-attachment":"scroll","background-type":"","background-media":"","overlay-type":"","overlay-color":"","overlay-opacity":"","overlay-gradient":""}},"ast-content-background-meta":{"desktop":{"background-color":"var(--ast-global-color-4)","background-image":"","background-repeat":"repeat","background-position":"center center","background-size":"auto","background-attachment":"scroll","background-type":"","background-media":"","overlay-type":"","overlay-color":"","overlay-opacity":"","overlay-gradient":""},"tablet":{"background-color":"var(--ast-global-color-4)","background-image":"","background-repeat":"repeat","background-position":"center center","background-size":"auto","background-attachment":"scroll","background-type":"","background-media":"","overlay-type":"","overlay-color":"","overlay-opacity":"","overlay-gradient":""},"mobile":{"background-color":"var(--ast-global-color-4)","background-image":"","background-repeat":"repeat","background-position":"center center","background-size":"auto","background-attachment":"scroll","background-type":"","background-media":"","overlay-type":"","overlay-color":"","overlay-opacity":"","overlay-gradient":""}},"advanced_seo_description":"","jetpack_seo_html_title":"","jetpack_seo_noindex":false,"jetpack_post_was_ever_published":false,"footnotes":""},"class_list":["post-2","page","type-page","status-publish","hentry"],"uagb_featured_image_src":{"full":false,"thumbnail":false,"medium":false,"medium_large":false,"large":false,"1536x1536":false,"2048x2048":false},"uagb_author_info":{"display_name":"admin","author_link":"https:\/\/www.alpertunc.de\/blog\/author\/admin\/"},"uagb_comment_info":0,"uagb_excerpt":"Ahoi &amp; Servus aus Wien! Ich bin Alper und seit \u00fcber einem Jahrzehnt bin ich als Hochzeitsvideograf unterwegs. In dieser [&hellip;]","jetpack_shortlink":"https:\/\/wp.me\/P4e879-2","jetpack_sharing_enabled":true,"_links":{"self":[{"href":"https:\/\/www.alpertunc.de\/blog\/wp-json\/wp\/v2\/pages\/2","targetHints":{"allow":["GET"]}}],"collection":[{"href":"https:\/\/www.alpertunc.de\/blog\/wp-json\/wp\/v2\/pages"}],"about":[{"href":"https:\/\/www.alpertunc.de\/blog\/wp-json\/wp\/v2\/types\/page"}],"author":[{"embeddable":true,"href":"https:\/\/www.alpertunc.de\/blog\/wp-json\/wp\/v2\/users\/1"}],"replies":[{"embeddable":true,"href":"https:\/\/www.alpertunc.de\/blog\/wp-json\/wp\/v2\/comments?post=2"}],"version-history":[{"count":147,"href":"https:\/\/www.alpertunc.de\/blog\/wp-json\/wp\/v2\/pages\/2\/revisions"}],"predecessor-version":[{"id":4474,"href":"https:\/\/www.alpertunc.de\/blog\/wp-json\/wp\/v2\/pages\/2\/revisions\/4474"}],"wp:attachment":[{"href":"https:\/\/www.alpertunc.de\/blog\/wp-json\/wp\/v2\/media?parent=2"}],"curies":[{"name":"wp","href":"https:\/\/api.w.org\/{rel}","templated":true}]}}